 + c = 3*f - 31. What are the prime factors of f?
2, 13
Let t(f) = f**3 + 5*f + 13. What are the prime factors of t(8)?
5, 113
Suppose -11*w - 3*w = -6454. List the prime factors of w.
461
Suppose -15*k = -14*k - 1057. List the prime factors of k.
7, 151
Let c(n) = n**2 - 4*n - 9. Let l be 2/4*(3 + 9). Let b be c(l). Suppose -b*p + 54 - 6 = 0. List the prime factors of p.
2
Let u be 1/(60/(-64) - -1). Suppose -45 = u*d - 653. List the prime factors of d.
2, 19
Let d(a) = -130*a - 71. What are the prime factors of d(-23)?
3, 7, 139
Let d(l) = 388*l - 281. List the prime factors of d(8).
3, 941
Let o be 12/2 - (1 + 3). Let a(m) = -o*m**2 - m**3 - 6 + 7*m**2 + 4*m**2 + 16 - 9*m. What are the prime factors of a(7)?
3, 5
Suppose -y + 8 = o, 0*y - 2*y = 4*o - 14. Suppose y*b = 8*b + 269. What are the prime factors of b?
269
Suppose -4*m = -4*c + 1944, 3*c - 2*m = -6*m + 1458. What are the prime factors of c?
2, 3
Let q(x) = 3*x + 37. Let s be q(9). Suppose -5*v - s = -344. What are the prime factors of v?
2, 7
Let y = 1326 + -627. What are the prime factors of y?
3, 233
Let u = -11 - -14. Let t be (-1 + 0 - u) + 44. What are the prime factors of (t/(-28))/(1/(-14))?
2, 5
List the prime factors of 22*-2*798/(-84).
2, 11, 19
Let k = 23 - 17. Suppose -k*y + 832 - 244 = 0. What are the prime factors of y?
2, 7
Let h(s) = -s**2 + 9 + 6*s - 2*s**2 - s**2 + 0*s**3 + s**3. List the prime factors of h(6).
3, 13
List the prime factors of (35/(-14))/(1/2) + 1363.
2, 7, 97
Suppose 0 = -2*z + 3*w - w + 8, 12 = 5*z + 3*w. Suppose -z*v + 76 = v. List the prime factors of v.
19
Suppose 4*b = -3*l + 1054, -3*l - 10*b + 15*b = -1099. What are the prime factors of l?
2, 179
Suppose 0 = -16*b + 30*b - 9758. List the prime factors of b.
17, 41
Suppose -6*b + 4*b = -3*v - 152, -v - 354 = -5*b. List the prime factors of b.
2, 5, 7
Let s be 8*(403/(-130) + (-4)/10). List the prime factors of -2 - -104 - (-7)/(s/8).
2, 5
Let g be (-2)/((-45)/10 - -4). Suppose h - g*z = -0*z + 86, 0 = -4*h + 3*z + 344. List the prime factors of h.
2, 43
Suppose j = 6 - 4. Suppose -w + 6*w + k - 753 = 0, k - 300 = -j*w. List the prime factors of w.
151
Let f(d) = -3 - 2*d + d + 8 + 2. Let u be f(4). Suppose u*o + 2 = 59. List the prime factors of o.
19
Let n(l) = 2*l - 7. Let d be n(-4). Let v be (6/d)/((-2)/(-140)). Let c = v + 87. What are the prime factors of c?
59
Suppose -5*w - 20 = -10*w. Suppose 4*x - 260 = -w*y, 3*x - 323 = -4*y - y. What are the prime factors of y?
2
Let q = 1 + -6. Let m = q + 5. Suppose -3*o + 7*o - 80 = m. List the prime factors of o.
2, 5
Suppose 30*u - 19*u - 6204 = 0. List the prime factors of u.
2, 3, 47
Let a be ((-4)/10)/(4/(-580)). Suppose a = f + 5*v + 13, 2*f - 3*v - 129 = 0. List the prime factors of f.
2, 3, 5
Let f(u) be the third derivative of -u**6/120 - 2*u**5/15 - u**4/3 - u**3/6 - 14*u**2. List the prime factors of f(-8).
3, 7
Let w be 8/(-6)*9/(-2). Suppose -w = -5*r + 59. What are the prime factors of r?
13
Let d be ((-8)/(-20))/(2/10). Suppose -d*v + 3 = 1, p - 5*v - 20 = 0. List the prime factors of p.
5
Let c be ((-12)/4)/(3/(-9)). List the prime factors of 12/(-9) - (-1524)/c.
2, 3, 7
Let y(b) = -3*b**2 + 2*b + 1. Let t be y(-1). Let i be (-8)/(-1) + (4 - -41)/(-9). What are the prime factors of i + 17 - (4 + t)?
2, 5
Let h = 63 - -404. List the prime factors of h.
467
Let c(u) = 3*u**2 - 27*u + 5. Let z(m) = -2*m**2 + 14*m - 3. Let t(f) = 3*c(f) + 5*z(f). Let r be 5/(70/(-4)) - 305/35. What are the prime factors of t(r)?
2, 3
Suppose 2*z = -2*n + 38, -n = -5*z + z + 61. Let h = -11 + z. Suppose -3*a - 3*q - q = -40, -65 = -5*a - h*q. List the prime factors of a.
2, 3
Let r = 229 - -112. List the prime factors of r.
11, 31
Suppose q = 3*u - 13, 0 = 2*u + 3*q - 17 + 1. Suppose 384 = u*f - 3*f + 5*i, i - 192 = -f. What are the prime factors of f?
2, 3
Suppose -5*u - 4*z = -25, 3*z - 4*z = -u + 5. Suppose -4*c = c + 3*p - 180, 170 = u*c + p. What are the prime factors of c?
3, 11
Let o be 1 + (1 + -3)*-2. Suppose 120 = -l + o*l. Suppose 11*c = 8*c + l. What are the prime factors of c?
2, 5
Let i be (-4)/(-18) + (63/81 - 1). Suppose 3*r - 6*r = 0, -5*s + 4*r + 520 = i. List the prime factors of s.
2, 13
Suppose -4*k = -2*b + 28, -4*b + 36 = -0*b - 3*k. Let l = 8 - b. List the prime factors of 16/(-2 + 5 - l).
2
Let l(y) be the third derivative of 29*y**4/24 + 14*y**3/3 + y**2. Let w(h) = -19*h - 19. Let t(z) = -5*l(z) - 8*w(z). What are the prime factors of t(6)?
2, 3
List the prime factors of (4373 + -11)*(-5)/(-50)*5.
3, 727
Let g(y) = -y**3 + 11*y**2 + y - 2. Let a be g(11). Suppose -2*k - 1 = -a. Suppose -k*j = 31 - 87. What are the prime factors of j?
2, 7
Suppose 0 = -17*z - 19063 + 79447. What are the prime factors of z?
2, 3, 37
Let c(v) = v**2 - 3*v + 16. Let b = -39 + 44. What are the prime factors of c(b)?
2, 13
Suppose 53*a - 134044 = 30*a. List the prime factors of a.
2, 31, 47
Let a(w) = -w**2 + 4*w. Let x be a(2). Suppose -x*o + 9 + 11 = 0. What are the prime factors of (o*1)/((-4)/(-12))?
3, 5
Let j be ((-2)/2 - 0) + 38. Suppose g - 3*o + 7 = -0*g, 2*g + 4 = o. List the prime factors of (4 - j)*g*1.
3, 11
Suppose -a - a + 3*c + 291 = 0, -2*a - 3*c + 309 = 0. What are the prime factors of a?
2, 3, 5
Suppose 0*b - 3*r - 17 = -4*b, 4*b - r = 27. Suppose b = 2*h + 2. Suppose -h*a = -0*a - 24. What are the prime factors of a?
2
Suppose 4*t - 4803 = 2845. What are the prime factors of t?
2, 239
Suppose 2*l = l + 2. Suppose 0 = -l*r + 10, -g + 6*g - 55 = -2*r. List the prime factors of g.
3
Let f = -12 - -64. Suppose 13*a - 11*a - f = 0. List the prime factors of a.
2, 13
Let l be ((-2)/(-4))/(1/62) + -4. Let w = l + 44. List the prime factors of w.
71
Let h be (-1712)/14 + (-4)/(-14). Let a = -64 - h. List the prime factors of a.
2, 29
Let z = 194 + -38. List the prime factors of z.
2, 3, 13
Suppose 3*r + 4*o - 1391 = 0, -3*o = -7*r + 4*r + 1377. List the prime factors of r.
461
Let g(l) = l**3 + 18*l**2 - 1. Let x be g(-18). What are the prime factors of -1 - x - (-78 + -5)?
83
Let u(b) = 22*b**2 + 10*b - 16. What are the prime factors of u(5)?
2, 73
Let v(f) = 16*f**2 - 21*f + 193. What are the prime factors of v(7)?
2, 5, 83
Let r(t) = t**2 + 4*t + 3. Let o be r(0). Suppose o*z = -j + 179, 5*z = -7*j + 11*j + 287. What are the prime factors of z?
59
What are the prime factors of (-376 + 0)*(-5)/20*7?
2, 7, 47
Let s(z) = 16*z + 18. What are the prime factors of s(15)?
2, 3, 43
Suppose -3*k - 10368 = -3*p, 3*k + 19639 = 4*p + 5817. Suppose 11*i - p = -803. List the prime factors of i.
241
Let c(o) = 10*o + 17. Let a(l) = 20*l + 35. Let z(v) = 2*a(v) - 5*c(v). List the prime factors of z(-6).
3, 5
Suppose -40 = -5*m + 3*c, 0*c = -3*m + c + 20. Suppose -4*q = -3*f - 26 - 52, -46 = -2*q + m*f. Let y = q - 13. List the prime factors of y.
5
Suppose 5*p = 4*u - 1430, 2*p - 1024 = -3*u + 60. List the prime factors of u.
2, 3, 5
Let w(b) = 3 + 0*b - b - 3. Let l be w(-5). Suppose 2*h - q = 27, h - l*q = 4*h - 73. List the prime factors of h.
2
Let y = -15 - -19. Suppose -y*d = -p + 70, 8*p - 350 = 3*p - 4*d. Suppose -p = -w - w. List the prime factors of w.
5, 7
Let m = 160 + 187. List the prime factors of m.
347
Suppose -6*a + 3*a = -63. Suppose 2*o - 2*k = -4 - 2, -2*k = o. What are the prime factors of (4/(-6))/o*a?
7
Let z = 107 + -56. List the prime factors of z + 3*4/(-12).
2, 5
Let u = 364 + -230. Suppose -4*z + 8 = 0, -2*m + 4*z + u = z. What are the prime factors of m?
2, 5, 7
Let f = 9 + -17. Let o be (-226)/f + 2/(-8). Let m = -13 + o. List the prime factors of m.
3, 5
Let m(s) = -s + 7. Suppose -3*h + 37 = 5*u - 2*h, 0 = -u - 3*h + 13. Let f be m(u). Suppose y - 6 = -f*y. List the prime factors of y.
2, 3
Suppose 714 = 2*u - 4*f, 2*u - 514 - 193 = -3*f. What are the prime factors of u?
5, 71
Let v(d) = 536*d**2 - 5*d - 6. List the prime factors of v(-1).
5, 107
Let s(k) = -k**3 + 5*k**2 - 2*k + 2. Let v be ((-44)/(-8))/((-1)/(-2)). Let r = v - 7. What are the prime factors of s(r)?
2, 5
Let u(f) = -594*f**3 + 2*f**2 + f - 2. List the prime factors of u(-1).
593
Suppose 0 = 2*w - v - 1157, 0 = w - 5*v - 109 - 447. List the prime factors of w.
7, 83
Suppose 2*d - 190 = -h + 1207, -2*h + 10 = 0. Suppose 0 = -a - 3*a + d. List t